alse
Is 4217835607 a prime number?
True
Is 14469082583 prime?
True
Is 3205922563 a prime number?
False
Is 248483819 composite?
False
Is 61972739953 a composite number?
True
Is 11549178539 a prime number?
False
Is 1390997291 a composite number?
False
Is 24313072249 a prime number?
True
Is 302102777 prime?
False
Is 987451207 a composite number?
False
Is 1317177293 a composite number?
True
Is 882322517 composite?
True
Is 3559998107 a prime number?
True
Is 3761711027 a prime number?
False
Is 225310991 a composite number?
False
Is 4648615739 composite?
True
Is 9362157799 a composite number?
True
Is 568921649 a composite number?
False
Is 119053513 prime?
False
Is 154944591233 prime?
True
Is 684748489 prime?
True
Is 12179935979 prime?
False
Is 2364696715 a prime number?
False
Is 22405487549 a prime number?
False
Is 635864869 a prime number?
False
Is 7513145557 prime?
True
Is 1726173919 a composite number?
False
Is 4362840947 a composite number?
False
Is 12496160683 a composite number?
False
Is 10730944277 composite?
True
Is 1112273011 prime?
True
Is 5148113129 prime?
True
Is 197565997 prime?
True
Is 860763433 prime?
True
Is 174178697309 a composite number?
True
Is 31628799649 prime?
False
Is 45836234387 a composite number?
False
Is 4569781771 composite?
True
Is 99909911 a composite number?
True
Is 46865000197 prime?
True
Is 15486853619 prime?
True
Is 2678753653 composite?
False
Is 65206030223 a prime number?
True
Is 8096663 a prime number?
False
Is 861404317 a composite number?
False
Is 152650787 a composite number?
False
Is 35297083847 a prime number?
True
Is 565664087 a prime number?
True
Is 118225140783 composite?
True
Is 688024419 a prime number?
False
Is 1334202269 a composite number?
True
Is 18887987927 a composite number?
False
Is 3790544969 a prime number?
False
Is 2763374686 a prime number?
False
Is 259424965 a prime number?
False
Is 3204902219 a prime number?
True
Is 1597838029 a composite number?
True
Is 16209691 composite?
False
Is 9309906373 composite?
True
Is 11240977991 a prime number?
False
Is 558942497 a composite number?
True
Is 3220396871 a prime number?
True
Is 438580511 a prime number?
True
Is 386004833 composite?
False
Is 17738051941 a composite number?
False
Is 2580350137 a prime number?
True
Is 682342819 prime?
True
Is 207563645 a composite number?
True
Is 315005318309 prime?
False
Is 934328867 composite?
False
Is 26586750889 prime?
True
Is 4353103451 prime?
True
Is 1053905317 a composite number?
False
Is 11624622221 a prime number?
False
Is 17947041163 prime?
False
Is 21895419839 prime?
True
Is 3326778869 a composite number?
False
Is 138559336187 composite?
False
Is 32942869787 a prime number?
True
Is 2384934185 prime?
False
Is 108400553 composite?
True
Is 3049413067 composite?
False
Is 4681320235 a composite number?
True
Is 46083029539 prime?
False
Is 2161693909 composite?
False
Is 241019309 a composite number?
True
Is 50826463 prime?
False
Is 55610676727 a prime number?
False
Is 78151687369 a prime number?
False
Is 49751056027 a composite number?
True
Is 9958964137 prime?
False
Is 2091104267 prime?
False
Is 785051587 a composite number?
True
Is 29487288403 a prime number?
True
Is 706318031 composite?
False
Is 50511633022 a prime number?
False
Is 4581028657 a composite number?
True
Is 106320883 composite?
False
Is 2628797161 a prime number?
False
Is 225597023 a composite number?
False
Is 734587631 a prime number?
True
Is 41256111593 prime?
True
Is 21805155443 composite?
False
Is 848336597 composite?
True
Is 336147247 composite?
False
Is 1184953459 a composite number?
False
Is 12448534558 a composite number?
True
Is 47567467 a prime number?
True
Is 1282633081 composite?
True
Is 46286069563 prime?
False
Is 67426170829 a composite number?
False
Is 202915387 composite?
True
Is 508187707 a prime number?
True
Is 7333131721 a composite number?
True
Is 36384939139 a composite number?
True
Is 1245480559 prime?
False
Is 21698575231 a prime number?
True
Is 184514507 prime?
True
Is 42036284579 a prime number?
True
Is 13180230149 a prime number?
True
Is 437453459 a prime number?
False
Is 148341017569 a prime number?
True
Is 1529167309 a prime number?
True
Is 849780389 a prime number?
True
Is 232537741 a composite number?
True
Is 6472710157 composite?
True
Is 3393069367 composite?
True
Is 7662038821 composite?
False
Is 671972737 a prime number?
True
Is 170396745977 a composite number?
True
Is 12224309729 a composite number?
False
Is 52473269857 a prime number?
True
Is 2175441745 a prime number?
False
Is 32708933141 a prime number?
False
Is 97934601779 prime?
False
Is 3201649147 a prime number?
True
Is 40221705926 a composite number?
True
Is 374150419 prime?
False
Is 406502527 a prime number?
False
Is 711415403 a prime number?
True
Is 13322454287 prime?
True
Is 1719911458 prime?
False
Is 12631876427 composite?
True
Is 5306738909 a composite number?
True
Is 200311769 a prime number?
False
Is 462773287711 a prime number?
False
Is 161889859 prime?
True
Is 74328675217 a prime number?
True
Is 637118609 a prime number?
False
Is 379718557 a prime number?
True
Is 772803533 a prime number?
True
Is 884708126 prime?
False
Is 4475479979 composite?
False
Is 66310217669 a prime number?
True
Is 4921333019 a composite number?
False
Is 4548350063 a composite number?
False
Is 2459872087 composite?
False
Is 16380149 a composite number?
False
Is 7341848951 prime?
True
Is 3824220089 prime?
False
Is 44999906213 prime?
False
Is 565993931 a composite number?
False
Is 44288947 prime?
True
Is 63094598491 a prime number?
False
Is 827099771 prime?
False
Is 17930492347 a composite number?
False
Is 1243842821 a prime number?
False
Is 566495663 composite?
False
Is 62348779489 prime?
True
Is 1209572267 prime?
True
Is 258964037 a prime number?
True
Is 68801663399 composite?
True
Is 12927819973 prime?
False
Is 43492887413 composite?
False
Is 580709869 a composite number?
False
Is 32148688981 a composite number?
True
Is 110792504899 composite?
False
Is 862904389 prime?
False
Is 6037502063 a prime number?
False
Is 7379565038 composite?
True
Is 4505968717 a composite number?
False
Is 647310581327 prime?
True
Is 1803990427 a prime number?
True
Is 34398463909 prime?
True
Is 509748347 prime?
True
Is 753218233 prime?
False
Is 1959533083 prime?
True
Is 26939897893 prime?
True
Is 921101639 a prime number?
False
Is 2978333 composite?
True
Is 11493181861 composite?
True
Is 4248394103 composite?
False
Is 3405700381 a prime number?
False
Is 224558 prime?
False
Is 15524655254 a composite number?
True
Is 4951411247 prime?
False
Is 23129060511 prime?
False
Is 140416189183 prime?
True
Is 19211125321 a prime number?
False
Is 83045975009 composite?
False
Is 2286486014 composite?
True
Is 46650829033 a composite number?
True
Is 2240751841 a composite number?
True
Is 7398783373 a prime number?
False
Is 41975147773 prime?
False
Is 1163581791 a prime number?
False
Is 838065451 a composite number?
False
Is 92647356987 a prime number?
False
Is 7717318129 a prime number?
True
Is 3409685953 a prime number?
True
Is 89767406941 prime?
True
Is 35705352623 composite?
True
Is 6812668211 prime?
False
Is 248984533873 a composite number?
False
Is 1590420109 prime?
True
Is 2078174521 a prime number?
False
Is 107588031 composite?
True
Is 452986139 a composite number?
True
Is 2295761477 a prime number?
False
Is 8633961961 a prime number?
False
Is 2459799883 prime?
False
Is 2115964229 prime?
True
Is 126157209 a prime number?
False
Is 70905451 composite?
False
Is 6722705387 composite?
False
Is 386132363 composite?
False
Is 1266123733 a prime number?
False
Is 5535139927 composite?
False
Is 678891221 prime?
True
Is 9031889309 composite?
True
Is 355593091 a prime number?
False
Is 512411477 a composite number?
False
Is 281189563 a composite number?
True
Is 132033149 composite?
False
Is 2384526139 a prime number?
True
Is 1411616755 composite?
True
Is 7551519709 a composite number?
True
Is 13954298081 a prime number?
False
Is 1613820617 prime?
False
Is 14839555529 composite?
False
Is 282418187 a prime number?
True
Is 48583973177 a prime number?
False
Is 1055142721 a composite number?
True
Is 7748017103 prime?
True
Is 3057635657 a composite number?
True
Is 6535476359 a composite number?
True
Is 789445961 composite?